 first derivative of t(w). Give r(2).
0
Let h(w) = w**3 - w**2 + w - 1. Let s be h(2). Let f(p) be the first derivative of 3*p - 1/4*p**4 + 5/3*p**3 - 1 - 1/2*p**2. What is f(s)?
-2
Let f(b) = b**3 + b**2 + 3. Suppose 3*v - 16 = 8. Let h(g) = 0 + 0*g + 0 - g + 8. Let k be h(v). What is f(k)?
3
Suppose 6*y + 8 = 2. Let k(x) = 18*x**2 - 1. Calculate k(y).
17
Let d = -75 - -76. Let g(p) = 4*p**3 - p + 1. What is g(d)?
4
Let r(g) = 4*g + 1. Let f be (1/(-2))/(2/(-40)). Suppose p = -4*p - f. Let k be (p + 1/1)*-1. Determine r(k).
5
Suppose -2*o + 3*o = 4*c + 9, -2*o + 3 = -3*c. Let f(w) be the second derivative of w**4/12 + w**3/3 - 3*w**2/2 - 40*w. What is f(c)?
0
Let c(j) = 2*j**2 - 9*j + 1. Let b(r) = -r**2 + 5*r - 1. Let g(q) = -5*b(q) - 3*c(q). What is g(4)?
-6
Let h(z) = 9*z**2 + z + 1. Suppose -6*w - 3 = -3*w. What is h(w)?
9
Let k be -1 - (-1 + -2) - 4. Let p(x) be the second derivative of -x**5/40 - x**4/24 - x**3/6 + x. Let t(w) be the second derivative of p(w). What is t(k)?
5
Let n(k) = -3*k**2 + k. Let g(p) = p + 1. Let m be g(6). Let z = -7 + m. Suppose -3*a - 5*v + 18 - 6 = z, -2*a - 4*v + 10 = 0. Give n(a).
-4
Let o(z) = -z**2 + z. Let p(f) = -f + 4. Let t be (2 + 2/(-1))/(-1). Let u be p(t). Suppose -u*h = -h + 3. What is o(h)?
-2
Let i(m) = m**2 - 2*m - 5. Let b(w) be the third derivative of 1/24*w**4 + 1/120*w**6 + 1/3*w**3 + w**2 + 0*w + 0 + 1/20*w**5. Let y be b(-2). Give i(y).
3
Suppose 0 = 3*y - 4*l - 17, -2*y - 3*l + 0*l = 17. Let v(r) = -3*r + 2*r - 7*r + 0*r. What is v(y)?
8
Let b(t) = 5 + 5 - t**2 - 111*t + 111*t. Let w = -2 + 2. Calculate b(w).
10
Let i(z) = z**2 - 8. Let b(w) = -3*w**2 + w + 24. Let m(y) = -4*b(y) - 11*i(y). Suppose -3*u - u - 5*j = -9, -u = 3*j + 3. Calculate m(u).
4
Let z(n) be the third derivative of -n**4/8 - n**3/6 + 5*n**2. Let w(y) = -12*y - 4. Let l(i) = -2*w(i) + 9*z(i). Determine l(-2).
5
Let m = 18 + -12. Let u be m/(-15) - (-13)/(-5). Let j(s) be the second derivative of s**5/20 + s**4/4 - s**3/6 - s**2 - 2*s. Give j(u).
1
Let c = 3 + -3. Suppose -2*l = -c*l + 2. Let k = -1 - l. Let n(p) = -p + 6. Determine n(k).
6
Suppose -4*z - 15 = -9*z. Let y(n) = n + 10. Let t be y(-9). Let v(r) = 6 + r - z - t. Give v(3).
5
Let q(i) = -i**3 - 6*i**2 + 6*i - 10. Suppose 0*u - 4*u = 28. Calculate q(u).
-3
Let m(z) be the first derivative of -2*z + 1/2*z**2 + 1. Calculate m(-4).
-6
Suppose o + 2*w - 2 = 3*w, -3*o - 4*w = -27. Let a(d) = d - 1. Calculate a(o).
4
Let w(i) = 4*i**2 - 2*i + 9. Let d(h) = 3*h**2 - 3*h + 8. Let r(n) = 3*d(n) - 2*w(n). Determine r(5).
6
Let k(z) = -6 - 12*z**2 - 12 + 13*z + 2 + 11*z**2. Determine k(11).
6
Let j(k) be the first derivative of -4*k**3/3 - 2. What is j(-1)?
-4
Suppose 5*w + 2*l + 5 = -3*l, 0 = 3*w + 2*l. Let f(a) = -1 - 6*a**2 + w*a**2 + 3*a - a - a. Let z be 2/(-11) - 39/(-33). What is f(z)?
-4
Let j(n) = n**3 + 5*n**2 - 3. Let d be (4 + -2)*2*-1. Determine j(d).
13
Let c be (14/(-35))/(1/(10/(-8))). Let y(r) be the second derivative of c*r**5 - 1/2*r**2 + 0 - 1/3*r**3 + 0*r**4 + 4*r. Calculate y(-1).
-9
Let b(g) = g + 2. Let l be 1/(-2) - (-5)/2. Suppose 6*d = l*d + 20. Calculate b(d).
7
Suppose 0 = 3*r + p + 7, 4*p = 5*r + 23. Let h(y) = y**3 + 4*y**2 + 2*y - 2. Calculate h(r).
1
Let h be 6 + (-7 - -4) - -20. Let n = 20 - h. Let o(w) = 0*w**2 + 14*w + w**2 - 7*w + 4. What is o(n)?
-8
Suppose 2*n + 0*n - 8 = 0. Suppose 3*v = n*v + 2. Let d(f) = 2*f**2 - 3*f - 1. Determine d(v).
13
Let t be (-16)/(-6)*6/(-4). Let m = t - -9. Let a(x) = x**2 - 4*x - 7. What is a(m)?
-2
Let q(a) = -a**2 + 7*a - 3. Let c be q(6). Let s(y) = -2*y + 4. What is s(c)?
-2
Suppose -6*k + 7*k - 4*v + 21 = 0, 4*v - 16 = 0. Let b(u) = -u**3 - 5*u**2 - u - 3. Determine b(k).
2
Let m(t) = -6 - 2*t + 2 + 3 + t**3 + 2*t**2. Suppose 0 = -2*n - 3*a + 7*a - 4, -n = 3*a - 8. Give m(n).
11
Let z(j) = -j**2 + 2. Let t = 15 - 9. Let m = t - 3. Calculate z(m).
-7
Let f(l) = -l**2. Let p be (-1 - (1 - 1))/1. Let g(w) = 5*w + w**2 + 5 - 6*w - w. Let i(c) = p*g(c) - 2*f(c). Calculate i(-4).
3
Let u(i) = i**3 - i**2 - i - 1. Let c(q) = -4*q**3 - 2*q**2 + 4*q + 4. Let p(v) = c(v) + 3*u(v). Let t(w) = -2*w**2 - 4*w - 5. Let m be t(-2). What is p(m)?
-4
Let d = -3 + 10. Suppose 5*g + 2 = 12. Suppose -g*t - 10 = -2*f, d + 1 = 2*f. Let p(j) = -6*j**3 - 2*j**2 - j. What is p(t)?
5
Let g(n) be the third derivative of n**5/60 - 5*n**4/24 - n**3/6 + 4*n**2. Let w be g(6). Let z(h) = -4*h - 3*h + 0*h + w*h - 2. What is z(2)?
-6
Let s(t) = 4*t + 2. Let k be s(2). Let r(x) = 3*x**2 + x**2 - 4*x**2 + k*x**3 + 1. Calculate r(1).
11
Let y = 7 + -5. Let p(a) = 4*a**2 + 4 + 0*a**2 - 3*a**2 - 4*a + y*a. What is p(3)?
7
Let i(k) = 2*k + 10*k - 13*k + 3. What is i(0)?
3
Suppose -v + 1 = -2. Suppose -s + 20 = 4*s + 5*g, 9 = 2*s + 3*g. Let n = v - s. Let w(y) = -y**3 - y**2 + y - 6. Calculate w(n).
-6
Let s(n) = n**2 - n - 4. Suppose 4*m - 37 = -5*b, 3*b = -0*m + m + 12. Let h be s(m). Let p(y) = -y**3 + y**2 - y + 2. Determine p(h).
-4
Let p(a) = -3*a - 6. Let j be (-4*(-6)/(-9))/(8/12). Calculate p(j).
6
Suppose 0 = -4*a - 3*o + 11, 7 + 0 = a + 5*o. Let m be (-1)/(a*(-2)/8). Let n(z) = z + 0 + m + 0. What is n(-4)?
-2
Let n = 5 + -5. Let f(h) be the first derivative of -h**5/20 - h**4/12 - h**3/6 - 3*h**2/2 - 2*h - 1. Let z(q) be the first derivative of f(q). Determine z(n).
-3
Let y(i) be the first derivative of -i**3 - i + 1. Let g(l) = -l. Let x be g(-2). Determine y(x).
-13
Suppose 47 = 3*l - 4*i, -6*l + 3*l + i = -32. Suppose -2 - 1 = c + 5*b, -3*c - l = -3*b. Let o(h) = -h**2 - h + 3. Calculate o(c).
-3
Let w(f) = -f**3 + 8*f**2 + f + 3. Let b = -95 + 103. Determine w(b).
11
Let d(y) be the third derivative of y**6/120 - y**5/10 + 7*y**4/24 - y**3 - y**2. Let q = 36 - 31. What is d(q)?
4
Let w(o) = o - 2 + o**2 + 1 - 2*o**2 + 3*o**2. Calculate w(1).
2
Let l(h) = h**3 + 4*h**2 - 7*h - 4. Let o(i) = i**3 + 4*i**2 - 8*i - 5. Let x(a) = -4*l(a) + 3*o(a). Determine x(-5).
6
Let s = 31 + -38. Let u(a) = -a**2 - 8*a + 4. What is u(s)?
11
Let a(x) be the second derivative of -x**5/10 - x**4/4 - 2*x. Let s be -1 + (1 - (-2)/(-1)). Determine a(s).
4
Suppose -l = 3*t - 5 - 13, -5*t = -5*l - 50. Let g(p) = -1 - p + 1 + t*p**2. Let y(w) = -w + 12. Let r be y(11). What is g(r)?
6
Let c(g) = g**2 + 6*g + 3. Let d = 0 - 2. Let k = 2 + d. Suppose -b = -4*v - 15, -3*b + 2*b - 5*v - 30 = k. Give c(b).
-2
Let m(v) = -2 + 28*v - 24*v + v**2 + 0*v**2. Let u(c) = c**2 + 3*c - 1. Let l be -1 + 3 - (0 - -4). Let j be u(l). Give m(j).
-5
Let u(d) be the third derivative of 13*d**5/60 - d**3/6 + 5*d**2 + 3*d. Calculate u(1).
12
Let s(u) = u**3 - 6*u + 4*u**2 + 13 + 12 - 22. What is s(-5)?
8
Let r(c) = c. Let k(s) = 7*s + 1. Let b(w) = -k(w) + 4*r(w). Let i(d) = -d + 9. Let l be i(6). Suppose -2*m + 4*p = -14, -m + 16 = l*m - 5*p. Determine b(m).
2
Let c(l) = -2 + 11*l**3 - 19*l**3 + 9*l**3 - 2*l**2 + 3*l. Determine c(2).
4
Let w(g) = 24*g - 100. Let z be w(4). Let j(y) = -10*y - 12. Let f(x) = -9*x - 11. Let u(m) = -7*f(m) + 6*j(m). Determine u(z).
-7
Let l(o) = 15*o - 3*o + 1456 - 1456. Calculate l(2).
24
Let k(v) = -v - 4. Let o be k(-3). Let r(b) be the first derivative of -2*b**3 + b**2/2 - 5. What is r(o)?
-7
Suppose i = -3*i + 128. Let x = -12 + 0. Let m be 3/2*i/x. Let z(k) = k**3 + 3*k**2 - 3*k - 2. Determine z(m).
-6
Let o(n) be the third derivative of n**8/20160 + n**7/840 + n**6/90 + n**5/60 + 4*n**2. Let h(i) be the third derivative of o(i). Calculate h(-6).
8
Let i(q) = q - 2. Let o be i(2). Let f(v) = 3*v**2 + o*v**2 - 6*v**2 + v**3 - 3*v. What is f(3)?
-9
Let j(q) be the first derivative of -q**4/4 - q**3/3 + 3*q**2/2 - 3*q - 1. Suppose 3*u - 8 = -17. Calculate j(u).
6
Let p = -2 - -5. Let b(k) = 3*k + k**2 + k**p + 5*k**2 - k**2 + 4 + 2*k. Determine b(-4).
0
Let b(y) = -8*y - 1. Suppose 4*a = 6*a + 2. Give b(a).
7
Let p(y) = 0 - 1 - 2 + y + 0. Determine p(6).
3
Let o(c) = c - 4. Suppose 2*h = 3 + 13. Determine o(h).
4
Let m(d) = -d**3 + d**2 - 1. Suppose x = -0*x + 5. Suppose x*z = r + 8, z - 4 = -2. Determine m(r).
-5
Let a(f) = -17*f - 3. Let k(v) = 4*v + 2 + 5*v - 3*v + 2*v. Let z(d) = -3*a(d) - 5*k(d). Calculate z(-1).
-12
Let g be (-3 - 0) + (-44)/(-12). Let x(q) be the second derivative of -q + 1/2*q**2 + 0 + 1/6*q**4 + g*